
Does 243 divide 5054886?
True
Is 17 a factor of 155261?
True
Is 360385 a multiple of 76?
False
Is 133170 a multiple of 115?
True
Does 20 divide 148180?
True
Does 8 divide 73144?
True
Is 5619534 a multiple of 384?
False
Is 1630190 a multiple of 13?
False
Is 535727 a multiple of 31?
False
Is 81 a factor of 148392?
True
Does 19 divide 272669?
True
Is 361396 a multiple of 13?
False
Is 254064 a multiple of 31?
False
Is 6007100 a multiple of 473?
True
Does 226 divide 1193958?
True
Is 16721999 a multiple of 70?
False
Is 9869506 a multiple of 7?
False
Does 211 divide 7307774?
True
Is 110050 a multiple of 67?
False
Is 46815 a multiple of 18?
False
Is 23 a factor of 409320?
False
Is 4854 a multiple of 2?
True
Is 15 a factor of 4104287?
False
Is 409332 a multiple of 66?
True
Is 4 a factor of 277002?
False
Is 505243 a multiple of 82?
False
Does 123 divide 84255?
True
Does 778 divide 2878600?
True
Is 166 a factor of 13114?
True
Does 17 divide 1104524?
True
Does 8 divide 28216?
True
Is 21 a factor of 111299?
False
Is 150 a factor of 1862700?
True
Is 2385166 a multiple of 740?
False
Is 984 a factor of 258792?
True
Does 62 divide 6014?
True
Is 12 a factor of 590184?
True
Does 158 divide 144570?
True
Is 6953 a multiple of 17?
True
Does 38 divide 236436?
True
Is 11 a factor of 99390?
False
Does 55 divide 1739081?
False
Does 147 divide 223269?
False
Is 131809 a multiple of 30?
False
Is 6 a factor of 171941?
False
Is 67 a factor of 97954?
True
Is 304 a factor of 252624?
True
Is 7331536 a multiple of 584?
True
Does 6 divide 43728?
True
Is 21 a factor of 318378?
False
Is 93 a factor of 48453?
True
Is 7 a factor of 10497?
False
Is 2529111 a multiple of 34?
False
Does 301 divide 4857413?
False
Is 36 a factor of 27155124?
True
Does 30 divide 105232?
False
Does 101 divide 18079?
True
Is 8 a factor of 5817032?
True
Does 7 divide 86598?
False
Does 15 divide 50745?
True
Does 106 divide 378526?
True
Does 2 divide 79116?
True
Does 982 divide 5200672?
True
Does 114 divide 535262?
False
Does 6 divide 1078393?
False
Is 13 a factor of 55125?
False
Is 394 a factor of 5898968?
True
Is 235 a factor of 7025578?
False
Is 278572 a multiple of 7?
True
Is 1665745 a multiple of 1074?
False
Is 671 a factor of 1024617?
True
Is 407051 a multiple of 443?
False
Is 287 a factor of 73716?
False
Is 73988 a multiple of 9?
False
Is 2596361 a multiple of 7?
False
Does 312 divide 1704727?
False
Does 87 divide 14009?
False
Does 8 divide 25694?
False
Is 1794036 a multiple of 91?
False
Does 18 divide 2501190?
True
Is 1543464 a multiple of 312?
True
Is 430 a factor of 122829?
False
Does 67 divide 32897?
True
Does 19 divide 176624?
True
Is 4 a factor of 3592560?
True
Is 170016 a multiple of 231?
True
Is 6 a factor of 169206?
True
Is 82 a factor of 983836?
True
Is 560443 a multiple of 6?
False
Is 15 a factor of 2047662?
False
Does 509 divide 4802415?
True
Is 82779 even?
False
Is 90 a factor of 467568?
False
Is 28 a factor of 6147161?
False
Is 129690 even?
True
Does 241 divide 93231?
False
Is 103027 a multiple of 269?
True
Does 111 divide 321345?
True
Is 1608383 a multiple of 7?
True
Does 2276 divide 853500?
True
Is 156 a factor of 92664?
True
Does 4 divide 4826111?
False
Does 11 divide 64504?
True
Does 483 divide 1055838?
True
Is 16060 a multiple of 4?
True
Does 91 divide 249795?
True
Is 24864 a multiple of 14?
True
Does 22 divide 1365924?
False
Is 542 a factor of 474323?
False
Does 599 divide 4004366?
False
Is 2 a factor of 11739?
False
Does 570 divide 386460?
True
Is 48 a factor of 1604217?
False
Does 5 divide 559370?
True
Is 136387 a multiple of 50?
False
Is 17 a factor of 592331?
True
Is 312 a factor of 241876?
False
Does 454 divide 1226708?
True
Does 14 divide 28980?
True
Is 1565895 a multiple of 22?
False
Does 42 divide 30954?
True
Does 11 divide 3167153?
True
Does 326 divide 618571?
False
Does 83 divide 162182?
True
Is 8 a factor of 182992?
True
Is 2554624 a multiple of 272?
True
Does 33 divide 510842?
False
Is 455 a factor of 237190?
False
Does 117 divide 3387384?
True
Is 3 a factor of 220644?
True
Is 15244068 a multiple of 10?
False
Does 135 divide 1305180?
True
Does 14 divide 2446896?
False
Does 38 divide 841418?
False
Is 876 a factor of 2293368?
True
Is 281946 a multiple of 147?
True
Does 72 divide 22317696?
True
Is 20041 a multiple of 152?
False
Is 434 a factor of 1780702?
True
Does 13 divide 36478?
True
Does 29 divide 446150?
False
Is 4 a factor of 570659?
False
Is 294901 a multiple of 754?
False
Is 7103987 a multiple of 41?
False
Is 160 a factor of 399764?
False
Is 24 a factor of 1892317?
False
Is 20 a factor of 49228?
False
Is 17 a factor of 1463462?
True
Does 2 divide 16378?
True
Does 53 divide 580350?
True
Is 222008 a multiple of 84?
False
Does 1527 divide 14500392?
True
Is 130 a factor of 419508?
False
Does 19 divide 6665389?
False
Does 19 divide 17940?
False
Is 416 a factor of 7968318?
False
Is 11 a factor of 9278538?
False
Is 7 a factor of 136353?
True
Is 103476 a multiple of 12?
True
Is 3742252 a multiple of 4?
True
Is 34 a factor of 11404?
False
Does 23 divide 84364?
True
Is 571600 a multiple of 80?
True
Is 224 a factor of 6782128?
False
Does 88 divide 80890?
False
Is 132 a factor of 10116764?
False
Is 1078304 a multiple of 849?
False
Is 24 a factor of 104904?
True
Is 865 a factor of 4262720?
True
Does 143 divide 12025?
False
Does 67 divide 307999?
True
Is 138 a factor of 99086?
False
Does 32 divide 127212?
False
Is 217920 a multiple of 15?
True
Is 25237215 a multiple of 15?
True
Does 67 divide 826494?
False
Does 585 divide 6844500?
True
Is 522308 a multiple of 17?
True
Is 25 a factor of 2171650?
True
Does 33 divide 12557?
False
Does 487 divide 78916?
False
Is 25 a factor of 823562?
False
Does 46 divide 612076?
True
Is 9736 even?
True
Is 661186 a multiple of 59?
False
Is 14 a factor of 227220?
True
Does 184 divide 24094064?
True
Is 227264 a multiple of 16?
True
Is 3785255 a multiple of 9?
False
Does 6 divide 43620?
True
Does 505 divide 10100?
True
Is 2607790 a multiple of 9?
False
Is 18468723 a multiple of 21?
True
Does 159 divide 46751?
False
Is 3531156 a multiple of 438?
True
Is 992 a factor of 599168?
True
Is 335 a factor of 769495?
True
Is 1873883 a multiple of 1070?
False
Is 12 a factor of 5012363?
False
Is 20144552 a multiple of 199?
False
Is 4 a factor of 74075?
False
Does 105 divide 2302484?
False
Does 68 divide 514828?
True
Is 23 a factor of 329200?
False
Does 175 divide 3569866?
False
Does 3 divide 29334?
True
Is 189279 a multiple of 9?
True
Is 615200 a multiple of 1538?
True
Does 597 divide 2201736?
True
Does 693 divide 247401?
True
Does 7 divide 2601637?
False
Is 13 a factor of 48490?
True
Is 19 a factor of 27037?
True
Is 4 a factor of 2185060?
True
Does 89 divide 87487?
True
Is 19 a factor of 1108821?
True
Is 4 a factor of 116116?
True
Is 250420 a multiple of 659?
True
Does 3 divide 19430?
False
Is 61776 a multiple of 52?
True
Is 46620 a multiple of 4?
True
Does 15 divide 218535?
True
Does 105 divide 1100858?
False
Does 55 divide 9971930?
False
Does 170 divide 1140606?
False
Does 11 divide 371613?
True
Is 396 a factor of 157212?
True
Does 18 divide 4123530?
True
Is 514400 a multiple of 200?
True
Is 317104 a multiple of 144?
False
Does 170 divide 35360?
True
Is 318 a factor of 1287582?
True
Is 130 a factor of 13390?
True
Is 169158 a multiple of 466?
True
Is 18 a factor of 9556977?
False
Does 283 divide 574941?
False
Is 15461 a multiple of 9?
False
Is 75 a factor of 68510?
False
Is 328 a factor of 88800?
False
Does 42 divide 966?
True
Is 252 a factor of 93372?
False
Is 5148925 a multiple of 98?
False
Does 38 divide 17267?
False
Does 5 divide 26050?
True
Is 303 a factor of 10708323?
True
Does 211 divide 51484?
True
Is 9 a factor of 1348965?
True
Is 81372 a multiple of 60?
False
Does 87 divide 469089?
False
Is 9 a factor of 164012?
False
Is 34 a factor of 57804?
False
Does 819 divide 627340?
False
Is 96 a factor of 585978?
False
Does 16 divide 1026752?
True
Is 6 a factor of 907884?
True
Does 13 divide 946491?
True
Is 11 a factor of 540628?
True
Does 195 divide 4654158?
False
Is 13 a factor of 1084371?
False
Does 37 divide 1679057?
False
Does 7 divide 104667?
False
Does 9 divide 4952088?
True
Is 102 a factor of 50592?
True
Does 11 divide 398555?
False
Is 22 a factor of